
Let b = -5 + 5. Suppose 5*m + 37 = -3*y + 182, 4*y - m - 224 = b. Suppose -l = 4*l - y. Is l a multiple of 4?
False
Let u = 80 + -31. Does 19 divide u?
False
Let x be (-18)/(-4) - (-4)/(-8). Suppose -5*d + 30 = -x*d. Does 10 divide d?
True
Let h(g) = 2*g**2 + 3*g + 2. Is h(-4) a multiple of 10?
False
Is 12/(-15) - (-87)/15 a multiple of 4?
False
Let u = 4 - 4. Suppose -3*j + 11 + 7 = u. Suppose 0 = 4*h - j*h + 72. Is 19 a factor of h?
False
Let n = 11 + -11. Let q(t) = -t**2 - 2*t + 26. Is q(n) a multiple of 10?
False
Let s be ((-6)/14 - -1)*7. Suppose u - 31 = -s. Is u a multiple of 9?
True
Suppose r - 3*r = 0. Suppose -3*j - 2*j = r. Let c = 6 + j. Does 4 divide c?
False
Let x = 7 + -3. Let t = x - 3. Is 15 a factor of (-23 + 1)/(t + -2)?
False
Let n = 133 - 79. Does 8 divide n?
False
Suppose 4*h + 16 + 0 = 0. Let n be (1 - (2 + -1))/2. Does 4 divide h/(-1)*(n + 2)?
True
Let j(u) = -u**3 - 7*u**2 + 7*u - 7. Let g be j(-8). Suppose -2*t + 3*t - 4 = 0. Suppose -g = t*a - 53. Is a a multiple of 7?
False
Let z be (-4)/(-14) + (-12)/(-7). Let v(q) = 2*q**2 - 3*q + 2. Let o be v(z). Suppose -4*n = 3*l - 136, -2*l + n - o*n = -90. Is l a multiple of 25?
False
Suppose 3*s - 5*j = 7*s - 373, 0 = -5*s + 4*j + 497. Is s a multiple of 8?
False
Suppose 2*b = 3*w + 37, 5*w = -2*b + w + 44. Does 4 divide b?
True
Let x = -88 - -32. Let k = 26 + 58. Let n = x + k. Is n a multiple of 14?
True
Let o(j) be the first derivative of -j**2/2 + 1. Let b be o(-1). Is 2 a factor of (4/5)/(b/5)?
True
Suppose 3 = -g + 7. Suppose 2*c + 3*c - 2*m = 20, 0 = 3*c - g*m - 12. Suppose j - 33 = -a, -2*a - a + 64 = -c*j. Is 14 a factor of a?
True
Let a = 1 - -1. Let g(x) = -26*x**2 + x. Let p be g(a). Does 10 divide p/(-10) + (-5)/25?
True
Suppose -j + 6 = 3*q - 37, -53 = -5*q + 3*j. Let l = 22 - q. Is 9 a factor of l?
True
Let j be 2/(-4)*-4 - 12. Let d(v) = v**2 + 7*v. Is d(j) a multiple of 15?
True
Suppose 4*m - 2*s = -67 + 207, -m + 40 = -3*s. Is m a multiple of 34?
True
Suppose 203 = 5*k - 4*i, -3*k - 2*i - 3*i + 107 = 0. Does 9 divide k?
False
Suppose -4*i - d + 104 = -2*d, 0 = 2*d + 8. Suppose v = -5*g + 22, 0 = -2*g + 4*v + v + i. Suppose -3*l = -5*k + 240, -g*k + 2*l = 3*l - 260. Does 20 divide k?
False
Suppose -2 + 12 = 5*f. Suppose 0 = h - f*h + 16. Is h a multiple of 9?
False
Let b = 117 - 59. Let h = 7 + -18. Let j = b + h. Is j a multiple of 18?
False
Suppose p + 4*o - 24 = 0, -3*p + 2 = -2*o - 0. Is 2 + -3 + p*16 a multiple of 15?
False
Suppose 46 = 2*l + 10. Let m = -3 + l. Is 9 a factor of m?
False
Let q = 53 - 51. Is q a multiple of 2?
True
Suppose 0 = -2*s - 0*s. Let v be (-3)/6*(s - 6). Suppose -12 = r - v*r. Is r a multiple of 3?
True
Let k = 84 + -25. Let j = k + -31. Is 7 a factor of j?
True
Suppose n + 229 = 2*n. Suppose -5*b + 85 = s, -3*s = b - n + 30. Is s a multiple of 12?
False
Let u(o) = o**3 - 7*o**2 + 5*o + 8. Let l be u(6). Let w(m) = -m - 4. Let x be w(-4). Suppose -2*i + v = 6*v - 34, x = -l*i + 4*v - 2. Is i a multiple of 3?
False
Let r = 43 + -15. Does 27 divide r?
False
Let t be -3 + 5 - (-47 + -2). Is t + -3 + 4 - -2 a multiple of 17?
False
Let i be (-1)/(-2)*1*4. Suppose 0 = -3*h - i*v - 21, 30 = -5*h + 2*h - 5*v. Let w = h - -9. Does 2 divide w?
True
Suppose -325 = -2*x - 5*l, -2*x - x + 499 = -4*l. Does 32 divide x?
False
Let t(y) = -y**3 + 8*y**2 - 7*y + 9. Does 3 divide t(7)?
True
Suppose b = 4*u - 75, 3*u = -u + 3*b + 73. Is 4 a factor of u?
False
Let y be (-2)/(-4)*(13 - -1). Suppose 0 = -2*s + 4*z - 4, -5 - y = -4*s + 3*z. Is 6 a factor of s?
True
Let c = 59 - 14. Is 9 a factor of c?
True
Let l(v) = 72*v**3 - v**2 + 2*v - 1. Is l(1) a multiple of 18?
True
Suppose l = -3*l + 72. Does 15 divide l?
False
Is 17 + (-3 - -1) + -3 a multiple of 10?
False
Let k(f) = 2*f - 1. Let j(o) = 5*o - 3. Let d(s) = -3*j(s) + 5*k(s). Does 10 divide d(-7)?
False
Let g = -5 + 3. Let l be 0*g*2/(-4). Let d = 10 + l. Is d a multiple of 5?
True
Let q(b) = b**3 + 9*b**2 + 5*b - 8. Does 13 divide q(-7)?
False
Let i(q) = -7*q - 9. Does 16 divide i(-8)?
False
Suppose 2*p - 12 = 3*i, 2*i = -p + i + 1. Is 4 a factor of 13/p - (-1)/(-3)?
True
Let q = -25 + 70. Is 9 a factor of q?
True
Let r = -2 - -182. Is 18 a factor of r?
True
Suppose 0 = 2*g + 4*f - 88, 6*g = 2*g + 4*f + 236. Does 18 divide g?
True
Let m = 2 + 24. Is 13 a factor of m?
True
Suppose 0*y = -y. Suppose q + 4*q - 60 = y. Is q a multiple of 4?
True
Let c(x) = x**2 - 5*x - 5. Let g = -3 + 7. Suppose 4*s + 3*p = s + 6, s = -g*p - 13. Is c(s) a multiple of 4?
False
Suppose 0*d = 4*d + 8. Let v be d/(-7) + 58/(-7). Is 13 a factor of (-26)/(3 + v + 3)?
True
Suppose -9 = -4*n + 7. Suppose -3*c + n*b = c, -3*b = -2*c - 4. Is c a multiple of 3?
False
Does 34 divide ((-30)/25)/(3/(-170))?
True
Let d(v) = -20*v - 9. Let x be d(-6). Suppose -4*o = b - x, 3*o + 3*b = -2*b + 96. Is 9 a factor of o?
True
Suppose -3*f - 4*s + 14 + 4 = 0, 0 = -5*s. Does 3 divide f?
True
Let y be 25 + (0/(-1))/(-2). Is (1 + 0)/(1/y) a multiple of 19?
False
Let q(m) = -m + 11. Let v be q(9). Let x(l) = -4*l**v - 4*l**2 + 10*l**2 + 2. Is 10 a factor of x(2)?
True
Suppose 6 + 7 = 4*t - 5*v, -3*t + 2*v = -8. Suppose 0 = 3*p - 4*b - 13, -6*p - 33 = -11*p + b. Is 11 a factor of t + (-4)/(-2) + p?
True
Suppose -3*g - 203 = -530. Is 17 a factor of g?
False
Let x(p) = 5*p**2 + 2. Let t = -12 + 9. Does 10 divide x(t)?
False
Let r(m) = 5*m**2 + 2*m + 2. Let z(v) = v**2 + v + 1. Let n(s) = r(s) - 3*z(s). Is 2 a factor of n(-1)?
True
Suppose 0 = -5*u + 4*y + 14, -5*y + 0*y + 20 = 0. Let x be u/12*(1 + 3). Suppose -2*p = x*p - 152. Is p a multiple of 15?
False
Let b be (-32)/(-14) - (-22)/(-77). Let h(u) = -u**3 + 6*u**2 + 3*u + 3. Let f be h(6). Suppose 0 = -b*j + j + f. Is 21 a factor of j?
True
Suppose 4*r + 2*q - 38 = 0, -3*q - 28 = -4*r - 7*q. Does 4 divide r?
True
Suppose 5*g + 4*t - 3 = -10, 4 = -5*g - 3*t. Let h = 20 + g. Does 5 divide h?
False
Let m(a) = a**3 + 2*a**2 - 2*a + 7. Is 24 a factor of m(3)?
False
Let t(v) = -v**2 + 6*v + 7. Let a be t(5). Suppose 5*o = -c + 65 - a, -o = c - 13. Suppose 3*z - o - 8 = 0. Is z a multiple of 5?
False
Suppose 4*k = -2*u + 370, 3*k - 282 - 258 = -3*u. Does 19 divide u?
False
Let u(f) = -f**3 + 2*f**2 + 8*f + 7. Let o be u(-5). Let q = 222 - o. Is q a multiple of 20?
True
Let z be ((-4)/3)/((-1)/(-39)). Is 3 a factor of (-4)/26 - 476/z?
True
Let o be (-47)/((3/(-3))/(-1)). Let q = -34 - o. Is q a multiple of 13?
True
Is 4 a factor of (3 - (2 - 2)) + 1?
True
Suppose 5*i - 375 = 5*r, -4*i - 294 + 62 = 3*r. Suppose -532 = 5*d - n, -2*d = -0*n + 4*n + 204. Let p = r - d. Does 15 divide p?
True
Let x(h) = 3*h + 57. Does 7 divide x(0)?
False
Let m = -47 - -141. Is m a multiple of 24?
False
Let r be -2*(-6)/(-4) - -5. Let o = -1 + r. Suppose -w + 3 - o = 5*z, 2*w + 2*z = 20. Does 7 divide w?
False
Suppose -4*i + 65 - 1 = 0. Suppose 4*x - 64 = z, 0*x + x = -5*z + i. Is x a multiple of 6?
False
Suppose -2*m + 3*b + 51 = 0, 3*b - 7*b - 131 = -5*m. Does 4 divide m?
False
Suppose -3*i - 73 = -4*f, 2*i + i + 9 = 0. Let h = 6 - 16. Let m = f + h. Does 6 divide m?
True
Let a = 563 - 311. Is a a multiple of 7?
True
Does 20 divide -5*(-5)/10*24?
True
Let t(u) = -4 + 1 + 4*u + 14*u**3 - 6*u + 4. Is 6 a factor of t(1)?
False
Let a be ((-12)/(-2) + 0)/2. Suppose 0 = -2*y - a*y + 225. Suppose -4*f = -7*f + y. Does 15 divide f?
True
Let b = 10 - 8. Let s(q) = -2*q - 7 + 4*q**b + 2 + 2. Is s(-2) a multiple of 15?
False
Suppose -21*g + 100 = -19*g. Is g a multiple of 10?
True
Let p(w) be the first derivative of -w**4/12 + 3*w**3/2 + 13*w**2/2 + w + 2. Let c(s) be the first derivative of p(s). Does 3 divide c(10)?
True
Suppose 0 = -3*a + 16 - 4. Suppose 4 = y, 3*g + a*y = -y - 163. Let z = g + 97. Is 10 a factor of z?
False
Let a = 1 + -1. Suppose 3*s + 142 = 4*h, 2*h + 2*s + 0*s - 78 = a. Let z = h - 22. Does 15 divide z?
True
Suppose 4*w = 4*g - 152, 4*g + w - 42 - 110 = 0. Is g a multiple of 38?
True
Suppose 0 = -0*i + i. Suppose i = -m + 5*m - 60. Is 5 a factor of m?
True
Suppose 3*v = 2*y + 52, -y = 2*y + 6. Is v a multiple of 8?
True
Let d(v) = -v**3 + 2*v**2 + 2*v + 4. Let a be d(4). Let k be (3*4)/((-2)/a). Suppose -k = -4*p - p. Does 12 divide p?
True
Let q = 40 - 36. Let t(a) = a**3 + 4*a**2 + 2*a - 3. Let u